{"id":220,"date":"2017-02-06T20:28:50","date_gmt":"2017-02-06T20:28:50","guid":{"rendered":"http:\/\/originalforces.com\/?page_id=220"},"modified":"2020-02-26T04:27:21","modified_gmt":"2020-02-26T04:27:21","slug":"about","status":"publish","type":"page","link":"https:\/\/originalforces.com\/index.php\/about\/","title":{"rendered":"Nosotros"},"content":{"rendered":"<p>Somos un productora creativa gestada hace 3 a\u00f1os, con una experiencia en publicidad de m\u00e1s de 20 a\u00f1os. Hemos trabajado para el mercado venezolano, colombiano y mexicano con marcas como Coca-Cola, Toyota, Suzuki Motors, Cerveza Corona, Bardahl, Acer M\u00e9xico, Fiat, Mercedes-Benz, Perrier y Heinz. Tenemos la sensibilidad para buscar soluciones frescas y memorables dirigidas a resolver iniciativas de comunicaci\u00f3n para vender un producto o servicio. Forjamos nuestro criterio despu\u00e9s de laborar en agencias publicitarias de renombre internacional como Publicis, Leo Burnett y DDb. Somos flexibles, escuchamos y aprendemos de cada experiencia con nuestros clientes.<\/p>\n","protected":false},"excerpt":{"rendered":"<p>Somos un productora creativa gestada hace 3 a\u00f1os, con una experiencia en publicidad de m\u00e1s de 20 a\u00f1os. Hemos trabajado para el mercado venezolano, colombiano y mexicano con marcas como [&hellip;]<\/p>\n<p><a href=\"https:\/\/originalforces.com\/index.php\/about\/\" class=\"more-link style1-button\">Read More<\/a><\/p>","protected":false},"author":1,"featured_media":0,"parent":0,"menu_order":0,"comment_status":"closed","ping_status":"closed","template":"","meta":[],"_links":{"self":[{"href":"https:\/\/originalforces.com\/index.php\/wp-json\/wp\/v2\/pages\/220"}],"collection":[{"href":"https:\/\/originalforces.com\/index.php\/wp-json\/wp\/v2\/pages"}],"about":[{"href":"https:\/\/originalforces.com\/index.php\/wp-json\/wp\/v2\/types\/page"}],"author":[{"embeddable":true,"href":"https:\/\/originalforces.com\/index.php\/wp-json\/wp\/v2\/users\/1"}],"replies":[{"embeddable":true,"href":"https:\/\/originalforces.com\/index.php\/wp-json\/wp\/v2\/comments?post=220"}],"version-history":[{"count":10,"href":"https:\/\/originalforces.com\/index.php\/wp-json\/wp\/v2\/pages\/220\/revisions"}],"predecessor-version":[{"id":386,"href":"https:\/\/originalforces.com\/index.php\/wp-json\/wp\/v2\/pages\/220\/revisions\/386"}],"wp:attachment":[{"href":"https:\/\/originalforces.com\/index.php\/wp-json\/wp\/v2\/media?parent=220"}],"curies":[{"name":"wp","href":"https:\/\/api.w.org\/{rel}","templated":true}]}}